Dec 02 03:09:03.868 INFO testing SuperTanker/ruplacer against master#8940af3cea4a9a9deabcaf843b2f8cad9a83fc61 for beta-1.31-5
Dec 02 03:09:03.869 INFO running `"docker" "create" "-v" "/mnt/big/crater/work/local/target-dirs/beta-1.31-5/worker-7/master#8940af3cea4a9a9deabcaf843b2f8cad9a83fc61:/target:rw,Z" "-v" "/mnt/big/crater/work/local/test-source/worker-7/beta-1.31-5/master#8940af3cea4a9a9deabcaf843b2f8cad9a83fc61:/source:ro,Z" "-v" "/mnt/big/crater/work/local/cargo-home:/cargo-home:ro,Z" "-v" "/mnt/big/crater/work/local/rustup-home:/rustup-home:ro,Z" "-e" "USER_ID=1000" "-e" "SOURCE_DIR=/source" "-e" "USER_ID=1000" "-e" "CMD=cargo +8940af3cea4a9a9deabcaf843b2f8cad9a83fc61-alt build --frozen" "-e" "CARGO_TARGET_DIR=/target" "-e" "CARGO_INCREMENTAL=0" "-e" "RUST_BACKTRACE=full" "-e" "RUSTFLAGS=--cap-lints=warn" "-e" "CARGO_HOME=/cargo-home" "-e" "RUSTUP_HOME=/rustup-home" "-m" "1536M" "--network" "none" "crater"`
Dec 02 03:09:04.135 INFO [stdout] 4c66a979feef0b7fc98c9920e451aacfab3191888d2c37603ce93cad9bb4edb9
Dec 02 03:09:04.136 INFO running `"docker" "start" "-a" "4c66a979feef0b7fc98c9920e451aacfab3191888d2c37603ce93cad9bb4edb9"`
Dec 02 03:09:05.119 INFO [stderr] usermod: no changes
Dec 02 03:09:05.326 INFO [stderr]    Compiling structopt-derive v0.2.11
Dec 02 03:09:05.326 INFO [stderr]    Compiling globset v0.4.2
Dec 02 03:09:05.326 INFO [stderr]    Compiling Inflector v0.11.3
Dec 02 03:09:13.336 INFO [stderr]    Compiling ignore v0.4.4
Dec 02 03:09:18.292 INFO [stderr]    Compiling structopt v0.2.11
Dec 02 03:09:22.062 INFO [stderr]    Compiling ruplacer v0.2.7 (/source)
Dec 02 03:09:29.583 INFO [stderr]     Finished dev [unoptimized + debuginfo] target(s) in 24.42s
Dec 02 03:09:29.595 INFO [stderr] su: No module specific data is present
Dec 02 03:09:30.331 INFO running `"docker" "inspect" "4c66a979feef0b7fc98c9920e451aacfab3191888d2c37603ce93cad9bb4edb9"`
Dec 02 03:09:30.476 INFO running `"docker" "rm" "-f" "4c66a979feef0b7fc98c9920e451aacfab3191888d2c37603ce93cad9bb4edb9"`
Dec 02 03:09:30.661 INFO [stdout] 4c66a979feef0b7fc98c9920e451aacfab3191888d2c37603ce93cad9bb4edb9
Dec 02 03:09:30.669 INFO running `"docker" "create" "-v" "/mnt/big/crater/work/local/target-dirs/beta-1.31-5/worker-7/master#8940af3cea4a9a9deabcaf843b2f8cad9a83fc61:/target:rw,Z" "-v" "/mnt/big/crater/work/local/test-source/worker-7/beta-1.31-5/master#8940af3cea4a9a9deabcaf843b2f8cad9a83fc61:/source:ro,Z" "-v" "/mnt/big/crater/work/local/cargo-home:/cargo-home:ro,Z" "-v" "/mnt/big/crater/work/local/rustup-home:/rustup-home:ro,Z" "-e" "USER_ID=1000" "-e" "SOURCE_DIR=/source" "-e" "USER_ID=1000" "-e" "CMD=cargo +8940af3cea4a9a9deabcaf843b2f8cad9a83fc61-alt test --frozen --no-run" "-e" "CARGO_TARGET_DIR=/target" "-e" "CARGO_INCREMENTAL=0" "-e" "RUST_BACKTRACE=full" "-e" "RUSTFLAGS=--cap-lints=warn" "-e" "CARGO_HOME=/cargo-home" "-e" "RUSTUP_HOME=/rustup-home" "-m" "1536M" "--network" "none" "crater"`
Dec 02 03:09:31.078 INFO [stdout] 94a663bf5ba6884c62322229089e7e4f09ed9f257b637320ce760bb0f0849400
Dec 02 03:09:31.081 INFO running `"docker" "start" "-a" "94a663bf5ba6884c62322229089e7e4f09ed9f257b637320ce760bb0f0849400"`
Dec 02 03:09:31.667 INFO [stderr] usermod: no changes
Dec 02 03:09:31.788 INFO [stderr]    Compiling ruplacer v0.2.7 (/source)
Dec 02 03:09:40.187 INFO [stderr]     Finished dev [unoptimized + debuginfo] target(s) in 8.50s
Dec 02 03:09:40.200 INFO [stderr] su: No module specific data is present
Dec 02 03:09:40.751 INFO running `"docker" "inspect" "94a663bf5ba6884c62322229089e7e4f09ed9f257b637320ce760bb0f0849400"`
Dec 02 03:09:41.049 INFO running `"docker" "rm" "-f" "94a663bf5ba6884c62322229089e7e4f09ed9f257b637320ce760bb0f0849400"`
Dec 02 03:09:41.396 INFO [stdout] 94a663bf5ba6884c62322229089e7e4f09ed9f257b637320ce760bb0f0849400
Dec 02 03:09:41.401 INFO running `"docker" "create" "-v" "/mnt/big/crater/work/local/target-dirs/beta-1.31-5/worker-7/master#8940af3cea4a9a9deabcaf843b2f8cad9a83fc61:/target:rw,Z" "-v" "/mnt/big/crater/work/local/test-source/worker-7/beta-1.31-5/master#8940af3cea4a9a9deabcaf843b2f8cad9a83fc61:/source:ro,Z" "-v" "/mnt/big/crater/work/local/cargo-home:/cargo-home:ro,Z" "-v" "/mnt/big/crater/work/local/rustup-home:/rustup-home:ro,Z" "-e" "USER_ID=1000" "-e" "SOURCE_DIR=/source" "-e" "USER_ID=1000" "-e" "CMD=cargo +8940af3cea4a9a9deabcaf843b2f8cad9a83fc61-alt test --frozen" "-e" "CARGO_TARGET_DIR=/target" "-e" "CARGO_INCREMENTAL=0" "-e" "RUST_BACKTRACE=full" "-e" "RUSTFLAGS=--cap-lints=warn" "-e" "CARGO_HOME=/cargo-home" "-e" "RUSTUP_HOME=/rustup-home" "-m" "1536M" "--network" "none" "crater"`
Dec 02 03:09:41.858 INFO [stdout] bded59615f285920eeecbf203eb467feaac98ef89f260ba622c096a3663ae855
Dec 02 03:09:41.863 INFO running `"docker" "start" "-a" "bded59615f285920eeecbf203eb467feaac98ef89f260ba622c096a3663ae855"`
Dec 02 03:09:43.683 INFO [stderr] usermod: no changes
Dec 02 03:09:43.859 INFO [stderr]     Finished dev [unoptimized + debuginfo] target(s) in 0.14s
Dec 02 03:09:43.865 INFO [stderr]      Running /target/debug/deps/ruplacer-5e199f74ba19346d
Dec 02 03:09:43.875 INFO [stdout] 
Dec 02 03:09:43.875 INFO [stdout] running 8 tests
Dec 02 03:09:43.892 INFO [stdout] test file_patcher::tests::test_replacement_display ... ok
Dec 02 03:09:43.892 INFO [stdout] test file_patcher::tests::test_patch_file ... ok
Dec 02 03:09:43.892 INFO [stdout] test line_patcher::tests::test_subvert_happy ... ok
Dec 02 03:09:43.895 INFO [stdout] test file_patcher::tests::test_compute_replacements ... ok
Dec 02 03:09:43.903 INFO [stdout] test line_patcher::tests::test_subvert_inconsistent ... ok
Dec 02 03:09:43.903 INFO [stdout] test line_patcher::tests::test_substring ... ok
Dec 02 03:09:44.031 INFO [stdout] test line_patcher::tests::test_regex ... ok
Dec 02 03:09:44.287 INFO [stdout] test stats::tests::test_stats_to_string ... ok
Dec 02 03:09:44.287 INFO [stderr]      Running /target/debug/deps/ruplacer-34998818ba75b670
Dec 02 03:09:44.287 INFO [stdout] 
Dec 02 03:09:44.287 INFO [stderr]      Running /target/debug/deps/integration_tests-9180728f3bdee789
Dec 02 03:09:44.287 INFO [stdout] test result: ok. 8 passed; 0 failed; 0 ignored; 0 measured; 0 filtered out
Dec 02 03:09:44.287 INFO [stdout] 
Dec 02 03:09:44.287 INFO [stdout] 
Dec 02 03:09:44.287 INFO [stdout] running 0 tests
Dec 02 03:09:44.287 INFO [stdout] 
Dec 02 03:09:44.287 INFO [stdout] test result: ok. 0 passed; 0 failed; 0 ignored; 0 measured; 0 filtered out
Dec 02 03:09:44.287 INFO [stdout] 
Dec 02 03:09:44.291 INFO [stdout] 
Dec 02 03:09:44.291 INFO [stdout] running 5 tests
Dec 02 03:09:44.350 INFO [stdout] test test_dry_run ... ok
Dec 02 03:09:44.350 INFO [stdout] test test_replace_old_by_new ... ok
Dec 02 03:09:44.363 INFO [stdout] test test_stats ... ok
Dec 02 03:09:44.363 INFO [stdout] test test_skip_non_utf8_files ... ok
Dec 02 03:09:44.463 INFO [stdout] test test_with_gitignore ... FAILED
Dec 02 03:09:44.463 INFO [stdout] 
Dec 02 03:09:44.463 INFO [stdout] failures:
Dec 02 03:09:44.463 INFO [stdout] 
Dec 02 03:09:44.463 INFO [stdout] ---- test_with_gitignore stdout ----
Dec 02 03:09:44.463 INFO [stdout] [34mPatching[0m [1m/tmp/test-ruplacer.4fWx63BKbCd4/data/top.txt[0m
Dec 02 03:09:44.463 INFO [stdout] [31m--[0m Top: [4;31mold[0m is nice
Dec 02 03:09:44.463 INFO [stdout] [32m++[0m Top: [4;32mnew[0m is nice
Dec 02 03:09:44.463 INFO [stdout] 
Dec 02 03:09:44.463 INFO [stdout] [34mPatching[0m [1m/tmp/test-ruplacer.4fWx63BKbCd4/data/a_dir/sub/foo.txt[0m
Dec 02 03:09:44.463 INFO [stdout] [31m--[0m sub/foo: [4;31mold[0m is everywhere, [4;31mold[0m is [4;31mold[0m
Dec 02 03:09:44.463 INFO [stdout] [32m++[0m sub/foo: [4;32mnew[0m is everywhere, [4;32mnew[0m is [4;32mnew[0m
Dec 02 03:09:44.463 INFO [stdout] [31m--[0m [4;31mold[0m is really [4;31mold[0m
Dec 02 03:09:44.463 INFO [stdout] [32m++[0m [4;32mnew[0m is really [4;32mnew[0m
Dec 02 03:09:44.463 INFO [stdout] 
Dec 02 03:09:44.463 INFO [stdout] thread 'test_with_gitignore' panicked at 'Could not read from "/tmp/test-ruplacer.4fWx63BKbCd4/data/.hidden/hidden.txt": Os { code: 2, kind: NotFound, message: "No such file or directory" }', libcore/result.rs:1009:5
Dec 02 03:09:44.463 INFO [stdout] stack backtrace:
Dec 02 03:09:44.463 INFO [stdout]    0:     0x559c3be077cf - std::sys::unix::backtrace::tracing::imp::unwind_backtrace::h3a8b83e1922cbdde
Dec 02 03:09:44.463 INFO [stdout]                                at libstd/sys/unix/backtrace/tracing/gcc_s.rs:49
Dec 02 03:09:44.463 INFO [stdout]    1:     0x559c3be13b07 - std::sys_common::backtrace::print::h00d3155a29b4020f
Dec 02 03:09:44.463 INFO [stdout]                                at libstd/sys_common/backtrace.rs:71
Dec 02 03:09:44.463 INFO [stdout]                                at libstd/sys_common/backtrace.rs:59
Dec 02 03:09:44.463 INFO [stdout]    2:     0x559c3be0c5ef - std::panicking::default_hook::{{closure}}::hd7465c742e79e1bb
Dec 02 03:09:44.463 INFO [stdout]                                at libstd/panicking.rs:211
Dec 02 03:09:44.463 INFO [stdout]    3:     0x559c3be0c2ee - std::panicking::default_hook::h9e3966f2aa2a6e12
Dec 02 03:09:44.463 INFO [stdout]                                at libstd/panicking.rs:221
Dec 02 03:09:44.463 INFO [stdout]    4:     0x559c3be0ccce - std::panicking::rust_panic_with_hook::h587f091ae747d080
Dec 02 03:09:44.463 INFO [stdout]                                at libstd/panicking.rs:476
Dec 02 03:09:44.463 INFO [stdout]    5:     0x559c3be0c871 - std::panicking::continue_panic_fmt::hb3a4fdede87f43a8
Dec 02 03:09:44.463 INFO [stdout]                                at libstd/panicking.rs:390
Dec 02 03:09:44.463 INFO [stdout]    6:     0x559c3be0c755 - rust_begin_unwind
Dec 02 03:09:44.463 INFO [stdout]                                at libstd/panicking.rs:325
Dec 02 03:09:44.463 INFO [stdout]    7:     0x559c3be4f5cc - core::panicking::panic_fmt::h6f9cebf5e7474a0b
Dec 02 03:09:44.463 INFO [stdout]                                at libcore/panicking.rs:77
Dec 02 03:09:44.463 INFO [stdout]    8:     0x559c3bb085b0 - core::result::unwrap_failed::h571ee510b7d9ec73
Dec 02 03:09:44.463 INFO [stdout]                                at libcore/macros.rs:26
Dec 02 03:09:44.463 INFO [stdout]    9:     0x559c3bab3a77 - <core::result::Result<T, E>>::expect::h9e882a412eff9c9d
Dec 02 03:09:44.463 INFO [stdout]                                at libcore/result.rs:835
Dec 02 03:09:44.463 INFO [stdout]   10:     0x559c3baad81a - integration_tests::assert_not_replaced::h123f2aa13a11422a
Dec 02 03:09:44.463 INFO [stdout]                                at tests/integration_tests.rs:28
Dec 02 03:09:44.463 INFO [stdout]   11:     0x559c3baae71a - integration_tests::test_with_gitignore::h8e7b36a9943471ce
Dec 02 03:09:44.463 INFO [stdout]                                at tests/integration_tests.rs:92
Dec 02 03:09:44.463 INFO [stdout]   12:     0x559c3baae549 - integration_tests::test_with_gitignore::{{closure}}::h384ec0573e174249
Dec 02 03:09:44.463 INFO [stdout]                                at tests/integration_tests.rs:82
Dec 02 03:09:44.463 INFO [stdout]   13:     0x559c3baafced - core::ops::function::FnOnce::call_once::h3dbdad19bf70deac
Dec 02 03:09:44.463 INFO [stdout]                                at libcore/ops/function.rs:238
Dec 02 03:09:44.463 INFO [stdout]   14:     0x559c3bab5dee - <F as alloc::boxed::FnBox<A>>::call_box::hac903f91577a156c
Dec 02 03:09:44.463 INFO [stdout]                                at libtest/lib.rs:1468
Dec 02 03:09:44.463 INFO [stdout]                                at libcore/ops/function.rs:238
Dec 02 03:09:44.463 INFO [stdout]                                at liballoc/boxed.rs:672
Dec 02 03:09:44.463 INFO [stdout]   15:     0x559c3be1eab9 - __rust_maybe_catch_panic
Dec 02 03:09:44.463 INFO [stdout]                                at libpanic_unwind/lib.rs:102
Dec 02 03:09:44.463 INFO [stdout]   16:     0x559c3bad7a42 - std::sys_common::backtrace::__rust_begin_short_backtrace::hb8f0d0309526c184
Dec 02 03:09:44.463 INFO [stdout]                                at libstd/panicking.rs:289
Dec 02 03:09:44.463 INFO [stdout]                                at libstd/panic.rs:392
Dec 02 03:09:44.463 INFO [stdout]                                at libtest/lib.rs:1423
Dec 02 03:09:44.463 INFO [stdout]                                at libstd/sys_common/backtrace.rs:136
Dec 02 03:09:44.463 INFO [stdout]   17:     0x559c3bad84f4 - std::panicking::try::do_call::hc2f7c8b9a348d8db
Dec 02 03:09:44.463 INFO [stdout]                                at libstd/thread/mod.rs:409
Dec 02 03:09:44.463 INFO [stdout]                                at libstd/panic.rs:313
Dec 02 03:09:44.463 INFO [stdout]                                at libstd/panicking.rs:310
Dec 02 03:09:44.463 INFO [stdout]   18:     0x559c3be1eab9 - __rust_maybe_catch_panic
Dec 02 03:09:44.463 INFO [stdout]                                at libpanic_unwind/lib.rs:102
Dec 02 03:09:44.463 INFO [stdout]   19:     0x559c3bac572c - <F as alloc::boxed::FnBox<A>>::call_box::h6bfded618e480b32
Dec 02 03:09:44.463 INFO [stdout]                                at libstd/panicking.rs:289
Dec 02 03:09:44.463 INFO [stdout]                                at libstd/panic.rs:392
Dec 02 03:09:44.463 INFO [stdout]                                at libstd/thread/mod.rs:408
Dec 02 03:09:44.463 INFO [stdout]                                at liballoc/boxed.rs:672
Dec 02 03:09:44.463 INFO [stdout]   20:     0x559c3be0991d - std::sys_common::thread::start_thread::h4c28257d67cdf9cb
Dec 02 03:09:44.463 INFO [stdout]                                at liballoc/boxed.rs:682
Dec 02 03:09:44.463 INFO [stdout]                                at libstd/sys_common/thread.rs:24
Dec 02 03:09:44.463 INFO [stdout]   21:     0x559c3bdfbc15 - std::sys::unix::thread::Thread::new::thread_start::hfecb2e7eff8fd34f
Dec 02 03:09:44.463 INFO [stdout]                                at libstd/sys/unix/thread.rs:90
Dec 02 03:09:44.463 INFO [stdout]   22:     0x7f661dfef6b9 - start_thread
Dec 02 03:09:44.463 INFO [stdout]   23:     0x7f661db0f41c - clone
Dec 02 03:09:44.463 INFO [stdout]   24:                0x0 - <unknown>
Dec 02 03:09:44.463 INFO [stdout] 
Dec 02 03:09:44.463 INFO [stdout] 
Dec 02 03:09:44.463 INFO [stdout] failures:
Dec 02 03:09:44.463 INFO [stdout]     test_with_gitignore
Dec 02 03:09:44.464 INFO [stdout] 
Dec 02 03:09:44.464 INFO [stdout] test result: FAILED. 4 passed; 1 failed; 0 ignored; 0 measured; 0 filtered out
Dec 02 03:09:44.464 INFO [stdout] 
Dec 02 03:09:44.464 INFO [stderr] error: test failed, to rerun pass '--test integration_tests'
Dec 02 03:09:44.465 INFO [stderr] su: No module specific data is present
Dec 02 03:09:45.276 INFO running `"docker" "inspect" "bded59615f285920eeecbf203eb467feaac98ef89f260ba622c096a3663ae855"`
Dec 02 03:09:45.580 INFO running `"docker" "rm" "-f" "bded59615f285920eeecbf203eb467feaac98ef89f260ba622c096a3663ae855"`
Dec 02 03:09:45.928 INFO [stdout] bded59615f285920eeecbf203eb467feaac98ef89f260ba622c096a3663ae855
